is the ten thousands digit of v?
2
Suppose 4*q + v = 250, -2*q = v - 78 - 46. What is the tens digit of (-4 - 111/(-27)) + 16814/q?
6
What is the thousands digit of (-638990)/(-220) - (-2 - (-27)/6)?
2
Suppose 23*u + 19870 - 48378 = 60617. What is the tens digit of u?
7
Let z(c) = c + 22. Suppose 4 + 32 = 2*p. Let r be z(p). Let m = 84 - r. What is the tens digit of m?
4
Let o = 2428 - -3913. Suppose -4*j = -l - o, 3*j - 5*l = -j + 6345. What is the tens digit of j/25 - 3/(-5)?
6
Let k(s) = s**3 + 18*s**2 + 32*s + 13. Let u(o) = -10*o + 64. Let m(w) = -w**2 + 14*w - 5. Let y be m(13). Let b be u(y). What is the units digit of k(b)?
3
Let a be (-3)/6 - (-1318)/(-4). What is the tens digit of (a/(-6))/(6/24)?
2
What is the hundreds digit of 256206*(-6)/(-51) - 484/(-4114)?
1
Suppose 8*t = -2*t + 2820. Suppose 2*d - 5*g = -136, 0 = 3*d - 7*d + 5*g - t. Let f = d - -119. What is the tens digit of f?
4
Suppose 0 = 16*g - 3*g - 91. Let o(c) = -19*c + 9*c**2 - g*c**2 - 12 - 15*c**2 - c**3. What is the units digit of o(-12)?
2
Suppose -2*p - 1583 = -m, 3*m - 2*p - 1872 - 2889 = 0. Suppose -177 = 2*k - m. What is the hundreds digit of k?
7
Suppose 4*c = 6*c - 8. Suppose -c*u = 3*a + 19, -3*a + 3 = 2*u + 20. What is the units digit of 16 - u - 0/(-16)?
7
Suppose -21*n + 22*n - 58*n = -893304. What is the units digit of n?
2
Let g(d) be the second derivative of 7*d**4/12 - d**3 - 2*d**2 - 2481*d. Suppose 4*h - h - 9 = 0. What is the tens digit of g(h)?
4
Let v = 129 + -118. Suppose 2*t - v + 13 = 0. Let m(p) = 237*p**2 - p - 1. What is the units digit of m(t)?
7
Suppose 12 = -3*d, -5*h + 32123 + 62418 = -4*d. What is the ten thousands digit of h?
1
Let s(c) = 552*c**2 + 186*c - 147. What is the ten thousands digit of s(-11)?
6
Suppose -5*w = -y - 342, 3*y - 8*y - 54 = -w. Let t = 71 - w. Suppose -2*a - 5*o = 3*a - 500, t*o = 5*a - 486. What is the units digit of a?
8
Let x(d) = 26*d - 41. Let n be x(7). Suppose -n*v + 137*v - 28 = 0. What is the hundreds digit of (-770)/(-6) + v/21?
1
Let s = -371 + 560. Suppose -149 = -13*k + s. What is the tens digit of k?
2
Suppose -3*f - 1096902 = -40*f. What is the ten thousands digit of f?
2
Let o be (0 - (3 - 2))*0. What is the units digit of (-3509)/(-11) + (o + -2 - 1)?
6
Let k be (-78)/(-10) - (11 + (-448)/40). What is the tens digit of 1*k - (55 - 444)?
9
Let r(v) = -2*v**3 - v**2 - 3*v + 253. Let f be (13 + -13)*2/(-8). What is the units digit of r(f)?
3
Suppose -53*i + 122092 = -31*i - 188570. What is the hundreds digit of i?
1
Suppose 3*u + 125784 = 8*f, -5*u - 8410 + 39810 = 2*f. What is the ten thousands digit of f?
1
Let t be ((-1519)/(-21))/7 - 4/(-6). Suppose t*q = 12*q - 52. What is the units digit of q?
2
Let d = 9226 + -2406. Suppose 5*l + 4*x - x = 8547, -4*l + 2*x + d = 0. What is the hundreds digit of l?
7
Suppose -4*m + 1867 = -333. Suppose -8*n + 1826 = -m. What is the tens digit of n?
9
Let t = 68222 - 39682. What is the units digit of t?
0
Suppose -22*i + 4*j = -20*i - 9164, -3*i = -j - 13721. What is the hundreds digit of i?
5
Let t be 2/(20/120*(4 + -1)). Suppose z = 2*i + i - 1989, -t*i + 5*z + 2652 = 0. What is the tens digit of i?
6
Let p(x) = 502*x - 12 + 10 + 745*x - 456*x + 22. What is the units digit of p(1)?
1
Let a = 115 + 111. Suppose w + a = -w. Let q = w + 164. What is the units digit of q?
1
Suppose 0 = -3*g + 6*h - h + 10032, 5*g - 16720 = -3*h. What is the tens digit of g?
4
Suppose -63 = -24*t + 9. Suppose -3*q - t*q = -1164. What is the units digit of q?
4
Let o(d) = 3*d**2 - d - 11. Let q be ((-7)/4)/((-9)/36). Suppose q*h + 75 - 19 = 0. What is the hundreds digit of o(h)?
1
Let p = 13794 + -7650. What is the hundreds digit of p?
1
Suppose 0 = -121*s + 128*s - 9233. What is the tens digit of s?
1
Let v(t) = -21*t**3 + 12*t**2 - 58*t - 45. What is the tens digit of v(-7)?
5
Let m(p) = 207*p + 26. Suppose -57 = -8*n - 17. What is the units digit of m(n)?
1
Let g be 100/(-8)*(-8)/(-10). Let d = g + 14. What is the tens digit of d/(4*(-4)/(-176))?
4
Let l(t) = -3*t**3 - 3*t**2 + t - 10. Let j be l(-3). Let a = j + -33. Suppose -216 = -0*g - a*g. What is the tens digit of g?
2
Let h(b) = -b**3 - 2*b**2 + b + 4. Let v be h(-2). Suppose 0 = v*a + s + 15, 3*a + 5*s + 34 = -6. Let n(d) = 2*d**2 - 6. What is the units digit of n(a)?
4
Suppose 8265 = p - 3*s, -s = -2*p + 3144 + 13406. What is the tens digit of p?
7
Suppose 40*h + 45845 = 126285. What is the units digit of h?
1
Let w = 67 - 49. Let y = 21 - w. Suppose -5*g = y*k - 300, g - 4*k + 248 = 5*g. What is the units digit of g?
7
Let y(g) = g**3 + 3*g**2 - 9*g + 4. Let q be y(-5). Let o = q + 20. Let i(b) = 6*b + 13. What is the hundreds digit of i(o)?
1
Let u = 45785 - 13312. What is the units digit of u?
3
Suppose 2*j + 20 = 3*g, g + 7 = j + 15. Let z(p) = -6*p**2 + p - 2. Let y(o) = -6*o**2 + 2*o - 1. Let r(n) = 6*y(n) - 7*z(n). What is the units digit of r(g)?
4
Let r(a) = 17*a + 55. Let i be r(-3). Suppose -11*y + 16*y - 1563 = -i*c, 0 = -4*y - 20. What is the hundreds digit of c?
3
Let k be 3/(-8) + (-817)/(-344). Suppose 0 = 2*q, -3*u + 1631 = k*q + 512. What is the tens digit of u?
7
Suppose 5*k = -4*h + 8*k + 23, -5*h = 2*k. What is the units digit of 3/h*(-536)/(-3)?
8
Let i = -752 - -3389. Suppose 4*f = i + 1779. What is the units digit of f?
4
Let f(a) = -a**3 - 7*a**2 - 2*a - 8. Let y be f(-7). Suppose k - 4*k = -y, 4*h + 5*k = 10. Suppose h = 4*z - 129 - 47. What is the tens digit of z?
4
Suppose -24 = -3*p - 4*s, -3*s - 4 + 13 = 0. Suppose -p*o = -2*y + 112, 4*y - 62 = 3*y + 4*o. What is the tens digit of y?
5
Let z(q) = q**2 - 3*q - 2. Let r be z(0). Let f be (-7 + 6)*2244/r. Suppose 33*l - 27*l - f = 0. What is the units digit of l?
7
Let w(o) = o**3 + 32*o**2 - 527*o + 106. Let l be w(-44). Let t be (-14)/(-4) + (-1)/2. What is the hundreds digit of l/t*(-3)/(-2)*7?
2
Suppose 0 = 3*f + 4*a - 81263, -391*f + 387*f - 5*a = -108353. What is the ten thousands digit of f?
2
Let g be 1075/(-5)*366/15. Let w be g/10 + 4/(-10). What is the units digit of (-1 - w/10) + (-3)/(-6)?
2
Suppose 3*t = -j + 662, 0 = 3*j + 3*t - 190 - 1820. Suppose 1984 = 6*q - j. What is the units digit of q?
3
Let x be (6 - 42/7)/(-2). Suppose x = -2*h + 300 + 788. What is the units digit of h?
4
Suppose -6278 = -8*u + 28930. What is the thousands digit of u?
4
Suppose 11 - 793 = 2*y. Let x = y + 736. What is the units digit of x?
5
Let r be (-1 + 64/40)*10. Suppose -r*i = 175 - 2293. What is the hundreds digit of i?
3
Suppose 2*c - 12302 = -3*x, -c - 2945 - 1164 = -x. What is the tens digit of x?
0
Let x(l) be the first derivative of -l**2/2 + 22*l - 36. Let d be x(9). Suppose -4*m - 2223 = -d*m. What is the units digit of m?
7
Let u(l) = l**3 - 3*l**2 - 3*l - 6. Let t be u(4). Let n be (-2 - -10)*t/12*-3. Suppose -n*q = 2*j - 258, -j + q = -5*j + 537. What is the units digit of j?
5
Let i(o) be the first derivative of 3*o**7/40 - o**5/120 + o**4/24 - 13*o**3/3 - 3. Let m(r) be the third derivative of i(r). What is the units digit of m(1)?
3
Let n be 0 + 1 - (-1 + 119). Suppose 5*h - 1139 = 16*l - 19*l, -4*h + 5*l + 926 = 0. Let z = n + h. What is the units digit of z?
2
Let g = 2929 + -1303. What is the tens digit of g?
2
Let k(l) = 5*l - 68. Let g be k(14). Suppose g*u = -4*n + 3342, -3*n + 5*u = -490 - 2049. What is the hundreds digit of n?
8
Let f(w) = 27 - 961*w + 951*w + 6. What is the units digit of f(-16)?
3
What is the tens digit of ((-21)/9 + (-406)/(-84))*(-48798)/(-15)?
3
Suppose 3*i + 4846 = t, -i = 4*t - 5*i - 19408. What is the tens digit of t?
5
Suppose 740 = 9*c - 6766. Let t = c - 584. What is the tens digit of t?
5
Let w(a) = 308*a - 1897. What is the thousands digit of w(23)?
5
What is the thousands digit of (-1 - 1)*(-271310)/20?
7
Let p be (-3 + (-6)/(-3))*8/(-2). Let m be p - 3 - (-1 + -3 + 1). Suppose 0 = -3*i - d + 137, 0 = m*d - 2*d - 10. What is the units digit of i?
4
What is the tens digit of 1/3*(156935 - (-17 + 10)) + 1?
1
Let u = -43 - -23. Let j = u + 20. What is the tens digit of (j + -14)*-27*(-2)/(-21)?
3
Let c be ((-1)/((-6)/(-50)))/((-11)/33). What is the tens digit of (c/3)/(17/714)?
5
Let r be 246/(-50) + 2/(-25). Let a(z) = -6*z**3 + 7*z**2 - 9*z + 11. What is the tens digit of a(r)?
8
Let t = 